rime factors of 15419?
17, 907
List the prime factors of 10862.
2, 5431
What are the prime factors of 694?
2, 347
List the prime factors of 48792.
2, 3, 19, 107
What are the prime factors of 19159?
7, 17, 23
List the prime factors of 64632.
2, 3, 2693
List the prime factors of 17939.
17939
List the prime factors of 379.
379
List the prime factors of 1888.
2, 59
List the prime factors of 547.
547
What are the prime factors of 3301?
3301
What are the prime factors of 1607?
1607
What are the prime factors of 1393?
7, 199
What are the prime factors of 17883?
3, 1987
List the prime factors of 22523.
101, 223
What are the prime factors of 471?
3, 157
What are the prime factors of 1401?
3, 467
What are the prime factors of 5172?
2, 3, 431
What are the prime factors of 5923?
5923
What are the prime factors of 30402?
2, 3, 563
List the prime factors of 597.
3, 199
What are the prime factors of 8155?
5, 7, 233
List the prime factors of 37147.
11, 307
What are the prime factors of 43550?
2, 5, 13, 67
What are the prime factors of 28601?
37, 773
What are the prime factors of 2647?
2647
What are the prime factors of 863?
863
What are the prime factors of 6909?
3, 7, 47
List the prime factors of 166291.
179, 929
List the prime factors of 7075.
5, 283
List the prime factors of 411.
3, 137
What are the prime factors of 12937?
17, 761
What are the prime factors of 3492?
2, 3, 97
List the prime factors of 1462.
2, 17, 43
What are the prime factors of 6119?
29, 211
What are the prime factors of 12731?
29, 439
List the prime factors of 4701.
3, 1567
List the prime factors of 51146.
2, 107, 239
List the prime factors of 4297.
4297
List the prime factors of 769.
769
List the prime factors of 9116.
2, 43, 53
List the prime factors of 3594.
2, 3, 599
List the prime factors of 1724.
2, 431
What are the prime factors of 48799?
48799
What are the prime factors of 136167?
3, 45389
What are the prime factors of 94149?
3, 11, 317
What are the prime factors of 1135?
5, 227
What are the prime factors of 1044?
2, 3, 29
What are the prime factors of 2101?
11, 191
What are the prime factors of 45212?
2, 89, 127
What are the prime factors of 15736?
2, 7, 281
What are the prime factors of 622?
2, 311
What are the prime factors of 95073?
3, 11, 43, 67
What are the prime factors of 4757?
67, 71
What are the prime factors of 74747?
74747
What are the prime factors of 46429?
29, 1601
What are the prime factors of 593?
593
What are the prime factors of 25502?
2, 41, 311
What are the prime factors of 34328?
2, 7, 613
What are the prime factors of 17830?
2, 5, 1783
List the prime factors of 494.
2, 13, 19
What are the prime factors of 5076?
2, 3, 47
List the prime factors of 3814.
2, 1907
What are the prime factors of 16995?
3, 5, 11, 103
What are the prime factors of 50037?
3, 13, 1283
List the prime factors of 49191.
3, 19, 863
List the prime factors of 366.
2, 3, 61
What are the prime factors of 947?
947
What are the prime factors of 1406?
2, 19, 37
What are the prime factors of 10260?
2, 3, 5, 19
List the prime factors of 1331.
11
List the prime factors of 2757.
3, 919
What are the prime factors of 1238?
2, 619
What are the prime factors of 13870?
2, 5, 19, 73
List the prime factors of 142256.
2, 17, 523
List the prime factors of 97.
97
List the prime factors of 3050.
2, 5, 61
List the prime factors of 127891.
17, 7523
What are the prime factors of 1922?
2, 31
List the prime factors of 11199.
3, 3733
List the prime factors of 5997.
3, 1999
What are the prime factors of 76?
2, 19
What are the prime factors of 9941?
9941
List the prime factors of 34837.
11, 3167
What are the prime factors of 22214?
2, 29, 383
What are the prime factors of 3099?
3, 1033
List the prime factors of 490.
2, 5, 7
What are the prime factors of 3125?
5
What are the prime factors of 7821?
3, 11, 79
List the prime factors of 44494.
2, 22247
List the prime factors of 37862.
2, 11, 1721
What are the prime factors of 43722?
2, 3, 7, 347
What are the prime factors of 58063?
31, 1873
What are the prime factors of 6394?
2, 23, 139
List the prime factors of 9299.
17, 547
List the prime factors of 7278.
2, 3, 1213
List the prime factors of 1748.
2, 19, 23
List the prime factors of 145.
5, 29
What are the prime factors of 389?
389
List the prime factors of 132314.
2, 7, 13, 727
List the prime factors of 14929.
14929
List the prime factors of 2676.
2, 3, 223
List the prime factors of 67849.
19, 3571
List the prime factors of 5435.
5, 1087
List the prime factors of 21189.
3, 7, 1009
What are the prime factors of 5938?
2, 2969
List the prime factors of 47170.
2, 5, 53, 89
List the prime factors of 1048.
2, 131
List the prime factors of 597.
3, 199
List the prime factors of 684.
2, 3, 19
List the prime factors of 5568.
2, 3, 29
What are the prime factors of 15127?
7, 2161
What are the prime factors of 5657?
5657
List the prime factors of 2958.
2, 3, 17, 29
List the prime factors of 73008.
2, 3, 13
What are the prime factors of 33622?
2, 16811
List the prime factors of 58526.
2, 13, 2251
What are the prime factors of 9213?
3, 37, 83
What are the prime factors of 1796?
2, 449
What are the prime factors of 4632?
2, 3, 193
What are the prime factors of 2179?
2179
What are the prime factors of 1396?
2, 349
What are the prime factors of 147716?
2, 36929
What are the prime factors of 14175?
3, 5, 7
What are the prime factors of 63348?
2, 3, 5279
What are the prime factors of 49?
7
What are the prime factors of 22764?
2, 3, 7, 271
List the prime factors of 3064.
2, 383
List the prime factors of 3570.
2, 3, 5, 7, 17
What are the prime factors of 18029?
11, 149
List the prime factors of 2932.
2, 733
List the prime factors of 10172.
2, 2543
List the prime factors of 3516.
2, 3, 293
What are the prime factors of 602?
2, 7, 43
What are the prime factors of 57459?
3, 107, 179
List the prime factors of 45262.
2, 7, 53, 61
What are the prime factors of 1749?
3, 11, 53
List the prime factors of 55647.
3, 229
What are the prime factors of 74498?
2, 193
List the prime factors of 35831.
35831
List the prime factors of 666.
2, 3, 37
List the prime factors of 26198.
2, 13099
List the prime factors of 914.
2, 457
List the prime factors of 12664.
2, 1583
List the prime factors of 1412.
2, 353
What are the prime factors of 86380?
2, 5, 7, 617
List the prime factors of 96537.
3, 7, 4597
What are the prime factors of 47479?
79, 601
List the prime factors of 20733.
3, 6911
What are the prime factors of 172815?
3, 5, 41, 281
What are the prime factors of 84605?
5, 16921
What are the prime factors of 26364?
2, 3, 13
What are the prime factors of 11319?
3, 7, 11
List the prime factors of 3979.
23, 173
List the prime factors of 13375.
5, 107
List the prime factors of 22153.
22153
What are the prime factors of 27582?
2, 3, 4597
List the prime factors of 97296.
2, 3, 2027
What are the prime factors of 626?
2, 313
List the prime factors of 3135.
3, 5, 11, 19
What are the prime factors of 2508?
2, 3, 11, 19
List the prime factors of 2526.
2, 3, 421
What are the prime factors of 970?
2, 5, 97
List the prime factors of 85322.
2, 37, 1153
What are the prime factors of 81371?
81371
What are the prime factors of 125?
5
What are the prime factors of 556?
2, 139
List the prime factors of 15722.
2, 7, 1123
List the prime factors of 1720.
2, 5, 43
List the prime factors of 41674.
2, 67, 311
What are the prime factors of 2304?
2, 3
What are the prime factors of 6868?
2, 17, 101
What are the prime factors of 338?
2, 13
List the prime factors of 3483.
3, 43
What are the prime factors of 24725?
5, 23, 43
What are the prime factors of 732?
2, 3, 61
What are the prime factors of 53053?
7, 11, 13, 53
List the prime factors of 3703.
7, 23
List the prime factors of 1793.
11, 163
What are the prime factors of 17283?
3, 7, 823
List the prime factors of 2372.
2, 593
List the prime factors of 3083.
3083
What are the prime factors of 13914?
2, 3, 773
List the prime factors of 20358.
2, 3, 13, 29
List the prime factors of 39372.
2, 3, 17, 193
What are the prime factors of 2828?
2, 7, 101
List the prime factors of 909.
3, 101
What are the prime factors of 6333?
3, 2111
What are the prime factors of 19009?
19009
List the prime factors of 120099.
3, 7, 19, 43
What are the prime fa